- 4*v - 9, -1 = -3*j - v. Let s(x) = 35*x + 2. Let f be s(-2). Is (2 + -1 - f)/j a composite number?
True
Suppose -3 = -2*d - 5. Let o(q) = -66*q**3 + 1. Is o(d) a prime number?
True
Let i be 0/((-12)/3) - -29777. Suppose -15*h = -4*h - i. Is h a prime number?
True
Let d(m) = -548*m - 43. Is d(-9) prime?
True
Let t(p) = 29*p + 9. Let n be t(5). Let z = n - -48. Suppose 3*h - 279 = -3*g, z = 2*h + g - 3*g. Is h a prime number?
True
Let f(z) = 32*z + 3. Let i(j) be the second derivative of -j**5/20 + 5*j**4/12 + 4*j**3/3 - 7*j**2/2 + j. Let x be i(6). Is f(x) a composite number?
False
Let z(x) = -x**3 - 12*x**2 - 11*x + 3. Let i be z(-11). Suppose i*q + q + 4 = 0. Is -10 + 382 - 1/q composite?
False
Suppose 678 = 5*k + s, k - 3*s - 152 + 10 = 0. Suppose 0*f - f = -k. Suppose 3*y - 245 = f. Is y composite?
False
Let d = 25819 + 22982. Is d a composite number?
True
Suppose -2*j + 4326 = -2*n, -2*j = 3*n - 5 - 4311. Is j a prime number?
True
Let u(h) = 34*h**2 + h - 44. Is u(-6) a prime number?
False
Let s(h) = -23*h - 14. Let a(b) = -46*b - 28. Let o(n) = 4*a(n) - 9*s(n). Is o(4) composite?
True
Suppose 1 = -0*l - l - 4*m, 3*l + 2*m = 7. Suppose v + 0*v + t = 40, 0 = 4*v + l*t - 163. Is v composite?
False
Is 21/(-6) - 810383/(-14) prime?
True
Let l(i) = i**3 - 2*i**2 + 3*i - 13. Suppose 6*n - 18 = 30. Is l(n) a composite number?
True
Let j = 162 + -94. Let y = j + 411. Is y prime?
True
Let w(c) = 4*c - 3. Let r be w(2). Suppose -r*q = 174 + 11. Is 2 - (q + (1 - 0)) a prime number?
False
Let b = 11359 - 6006. Is b composite?
True
Suppose p + 53 = 52. Is (2*265 - -3)*(0 - p) a prime number?
False
Suppose 0*i + 4*i - 25174 = 2*a, 4*a - 12 = 0. Is i composite?
True
Let f be ((-22)/8)/11 + (-2898)/(-8). Let j = f - 31. Is j a prime number?
True
Suppose 43 - 13 = 3*v. Suppose -3*c + 5 + v = -2*w, -3*w = 0. Suppose 0 = 7*n - c*n - 1174. Is n composite?
False
Let s(v) = 44*v + 11. Is s(37) composite?
True
Suppose 72*w - 80*w = -74296. Is w a composite number?
True
Suppose -3*r + 2*l + 11613 = 2*r, 0 = r - l - 2325. Is r a prime number?
False
Let m(k) = 14*k**2 - 6*k - 11. Suppose 0 = -0*y + 2*y + 10. Let p(h) = -9*h**2 + 4*h + 7. Let a(n) = y*m(n) - 8*p(n). Is a(-3) prime?
True
Let d be (-12)/78 + 171/13. Let y(m) = d*m**3 - 12*m - 3 - 3*m**2 + 0*m**2 + 14*m. Is y(2) a prime number?
False
Let c = 3516 + -2275. Let l = -682 + c. Is l composite?
True
Let i(b) be the third derivative of 275*b**4/24 - 2*b**3/3 + 2*b**2. Let x be i(7). Suppose x = 4*q + 3*l + 148, 4*q - 4*l - 1808 = 0. Is q a composite number?
True
Let q = -363 + 482. Is q a prime number?
False
Suppose -4*k + 48346 = 2*i, -k + 2*k + i = 12088. Is k prime?
False
Let s = 62 - -6. Suppose u + s = 493. Suppose -u = -3*g - 2*g. Is g composite?
True
Let t = 16976 - 6199. Is t a composite number?
True
Let w(o) be the third derivative of -1/120*o**6 - 2/15*o**5 + 7/3*o**3 + 0*o + 0 - 5/12*o**4 - 5*o**2. Is w(-9) composite?
True
Suppose -2*o = 4*z - 526, 3*o - 380 = 5*z + 431. Suppose -3*t + o + 1050 = 0. Is t a prime number?
True
Suppose 170*q = 181*q - 93643. Is q composite?
False
Suppose 4*v = v + 2691. Suppose -v = -5*i + c - 5*c, 3*i - 539 = -2*c. Let w = 263 - i. Is w a composite number?
True
Suppose s - 128 = -2*s + 2*a, -2*s = -5*a - 89. Suppose -3*y = 6 - s. Let n(c) = c**2 - 3*c + 19. Is n(y) a composite number?
False
Suppose 0 = -19*z + 2793 + 58064. Is z a composite number?
False
Suppose 5 = -4*g + 1. Let w be -410 - (0 - (-3 - g)). Let t = w - -591. Is t a prime number?
True
Is (1 - 2)/((-1)/((-13726)/(-2))) prime?
True
Let v(p) = 80*p**3 + 3*p**2 + 5*p - 3. Is v(2) a prime number?
True
Let b = 251 - 149. Suppose 2*o = -o - 183. Let z = b - o. Is z prime?
True
Let k(w) be the second derivative of w**4/2 - w**3/2 + w**2 + 3*w. Is k(-3) a prime number?
False
Let g(t) be the second derivative of t**5/20 - 7*t**4/12 + 4*t**3/3 - 9*t**2/2 - 5*t. Let u be g(6). Suppose 5*a = u*a + 382. Is a composite?
False
Suppose 0*o = 5*f - o + 4867, f = 5*o - 959. Let x = f + 1731. Is x composite?
False
Let l = 4 - 6. Let g = -62 - -38. Let n = l - g. Is n a composite number?
True
Suppose 36 = -4*h + 2*h. Let u be (-14)/28 + h/(-4). Suppose -u*g = -160 - 156. Is g prime?
True
Let v(d) = -d**2 + 6*d - 4. Let l be v(4). Is (777/(-14))/((-2)/l) prime?
False
Let o be 5268*(1/(-4) - (-9)/12). Suppose o = 4*y + 646. Is y a prime number?
False
Let c(z) = -720*z + 119. Is c(-5) prime?
True
Let l(b) = 58*b**2 + 14*b - 14. Let c be l(-19). Suppose -r = 2*u + 3*u - 5142, 4*r = -2*u + c. Is r prime?
True
Let t(j) = 12*j**2 + 48*j - 1. Is t(8) a composite number?
False
Let o(j) = 151*j**2 + 7*j + 2. Let p be o(-3). Suppose -4*a = 6*w - 2*w - p, w + 2*a = 336. Let b = -71 + w. Is b prime?
True
Suppose 5*c = -809 - 16. Let l = c - -328. Is l composite?
False
Let y(o) be the second derivative of -1/2*o**2 + 13*o + 11/4*o**4 - 7/6*o**3 + 0. Is y(-3) a prime number?
True
Suppose z - 8 = -5. Suppose -w + 6*w - 5*g = 3510, -w = z*g - 686. Is w composite?
True
Suppose -a + 135 = 2*a. Suppose 4*n + 5*i = 18, -i + 2 = -2*i. Suppose 2*h = 4*g + n - a, 2*g - 4*h = 34. Is g a prime number?
True
Suppose -4 = f - 0*f. Let o be 0/((f - -3)/1). Suppose o = 3*m + y - 106, 5*m - 4*y - 305 + 100 = 0. Is m a composite number?
False
Let l be (10/15)/((-4)/1578). Let q = l - -372. Is q composite?
False
Let q(d) be the second derivative of 0 + 5/6*d**3 + 4*d - 1/2*d**2 + 1/6*d**4 - 1/10*d**5. Is q(-4) prime?
True
Let c = -3089 - -1460. Let f = 488 - c. Is f a prime number?
False
Let j = -5707 - -8156. Is j prime?
False
Let c = -4 + 8. Suppose -c = -2*i - 0*i. Suppose 8 = -i*x + 34. Is x prime?
True
Suppose -4*j + 1 = -0*m + 5*m, -3*j - m = -9. Suppose -4 = -3*x + 2, -3*s + j*x = -1003. Is s a composite number?
False
Suppose 5*z + 10 = -25. Let k be 2/z - (-90)/21. Suppose -a = -k*a + 1173. Is a composite?
True
Suppose -4*q - 207869 = -5*g, q = -33*g + 29*g + 166291. Is g prime?
False
Let u = 13754 - 6427. Is u prime?
False
Let w be -6333*(-5)/15 + 0. Suppose -4*v + 781 = -w. Is v prime?
False
Let i(l) be the third derivative of -l**5/3 + l**4/4 + 5*l**3/6 + 11*l**2. Let f be i(-3). Let x = 70 - f. Is x a composite number?
False
Let y = -10601 - -18452. Is y a prime number?
False
Is (-51020)/(-32) + (-3)/8 composite?
True
Let a(g) = -21*g - 5. Let y(i) = i + 4. Let w be y(4). Suppose -6*s = -7*s - w. Is a(s) composite?
False
Suppose -3*v + 24 = -y, 4*y - y - v = -48. Let d be (y/9)/((-2)/6). Suppose -146 = -4*z + d*k, z + 0*k - 30 = -2*k. Is z a composite number?
True
Let u = -30 + 54. Let c be (1/(-3))/((-2)/u). Suppose c*y - 7*y + 1179 = 0. Is y composite?
True
Let w(x) = 9165*x - 226. Is w(5) prime?
True
Let o be -4*2*(-2)/4. Suppose 2*c = 3*c + o*q + 1, -4*c - q = -26. Suppose -100 = -4*d + 5*u, -3*u + 100 = -3*d + c*d. Is d a composite number?
True
Suppose h + 15 = 6*h. Suppose 0 = -2*o - 2*k + 600 + 1812, 3*k - 1206 = -o. Is (-1)/(h/(o/(-3))) a composite number?
True
Suppose -17*l + 8 = -19*l. Is (-1)/(-4) - (l + (-1155)/4) a prime number?
True
Let t be 135/21 + 15/(-35). Suppose -1391 = -t*h + 5*h. Is h a prime number?
False
Let c be 2/4 + 1037/2. Suppose 3*r - 1 = -5*l, 4*r - 8*l - 13 = -3*l. Suppose -151 = -r*n + c. Is n prime?
False
Suppose -5*d + 0*d + 117253 = 2*b, -4*b + 4*d = -234576. Is b composite?
True
Let r(f) = 10*f**2 + 10*f - 5 + 6 + 4*f**2 + 0*f**2. Is r(7) a composite number?
False
Suppose 2*z - 416 = -c, 5*c + z - 1685 = c. Is ((-1)/2)/((-1)/c) prime?
True
Suppose -44*g = -36*g - 332392. Is g prime?
True
Let d = -5390 - -9717. Is d a prime number?
True
Suppose 5*a - 2*v = 20821, v = 4*a - 10355 - 6300. Let h = -2758 + a. Is h composite?
True
Suppose -6*u = -u - 445. Suppose -5*v = -3*p - 1050, -v + 144 = 4*p - u. Is v a prime number?
False
Let i(g) = 12*g**2 - 8*g - 5. Let o be 240/42 + (2/7 - 0). Is i(o) a composite number?
False
Suppose 0 = -2*d + 5*x + 86, 123 = 3*d + x - 6. Is d a prime number?
True
Suppose 9*j - 11*j + 520 = 0. Let z = 553 - j. Is z prime?
True
Let a(t) = 25*t**3 - 26*t**2 - 5*t - 9. Let x(r) = -5*r**3 + 5*r**2 + r + 2. Let c(g) = 2*a(g) + 11*x(g). Let p be c(3). Is p/(-9) - 4/18 a composite number?
False
Let b(g) = 1. Let y(u) = -498*u - 27. Let c(i) = 4*b(i) - y(i). Is c(5) a prime number?
Tru